{"id":105,"date":"2018-12-19T10:33:46","date_gmt":"2018-12-19T09:33:46","guid":{"rendered":"http:\/\/www.naturaltouch.fr\/WPDJC\/?page_id=105"},"modified":"2019-10-23T14:43:01","modified_gmt":"2019-10-23T12:43:01","slug":"communication-exploitant","status":"publish","type":"page","link":"https:\/\/www.dialoca-job-control.com\/index.php\/communication-exploitant\/","title":{"rendered":"Communication exploitant"},"content":{"rendered":"<\/div><\/div><\/div><!-- close content main div --><\/div><\/div><div id='av_section_1' class='avia-section main_color avia-section-default avia-no-shadow avia-bg-style-scroll   container_wrap fullsize' style = 'background-color: #121439; '  ><div class='container' ><div class='template-page content  av-content-full alpha units'><div class='post-entry post-entry-type-page post-entry-105'><div class='entry-content-wrapper clearfix'>\n<div style='padding-bottom:10px;color:#ffffff;font-size:30px;' class='av-special-heading av-special-heading-h2 custom-color-heading blockquote modern-quote modern-centered  av-inherit-size '><h2 class='av-special-heading-tag '  itemprop=\"headline\"  >Communication exploitant<\/h2><div class='special-heading-border'><div class='special-heading-inner-border' style='border-color:#ffffff'><\/div><\/div><\/div>\n<section class=\"av_textblock_section \"  itemscope=\"itemscope\" itemtype=\"https:\/\/schema.org\/CreativeWork\" ><div class='avia_textblock  '   itemprop=\"text\" ><p>Dialoca Job Control permet aussi de simplifier la communication entre les intervenants et les exploitantsants.<\/p>\n<p>Un num\u00e9ro unique permet de g\u00e9rer l&rsquo;ensemble des \u00e9changes,<\/p>\n<ul>\n<li>Pour communiquer les consignes au moment de la prise de poste,<\/li>\n<li>Pour collecter les remonter d&rsquo;information terrain,<\/li>\n<li>Pour la gestion des main courantes exploitant et client,<\/li>\n<li>Pour prendre en charge les appels des intervenants pour signaler une impossibilit\u00e9 d&rsquo;effectuer leur prochaine vacation.<\/li>\n<\/ul>\n<p>Dialoca Job Control fournie une v\u00e9ritable messagerie adapt\u00e9e \u00e0 votre profession et simplifie consid\u00e9rablement les processus de votre entreprise.<\/p>\n<\/div><\/section><\/p>\n<div class='avia-button-wrap avia-button-center '><a href='https:\/\/www.dialoca-job-control.com\/index.php\/contact\/' class='avia-button   avia-icon_select-no avia-color-custom avia-size-small avia-position-center '  style='background-color:#d00729; border-color:#d00729; color:#ffffff; ' ><span class='avia_iconbox_title' >Contactez-nous!<\/span><\/a><\/div>\n","protected":false},"excerpt":{"rendered":"","protected":false},"author":1,"featured_media":0,"parent":0,"menu_order":0,"comment_status":"closed","ping_status":"closed","template":"","meta":[],"_links":{"self":[{"href":"https:\/\/www.dialoca-job-control.com\/index.php\/wp-json\/wp\/v2\/pages\/105"}],"collection":[{"href":"https:\/\/www.dialoca-job-control.com\/index.php\/wp-json\/wp\/v2\/pages"}],"about":[{"href":"https:\/\/www.dialoca-job-control.com\/index.php\/wp-json\/wp\/v2\/types\/page"}],"author":[{"embeddable":true,"href":"https:\/\/www.dialoca-job-control.com\/index.php\/wp-json\/wp\/v2\/users\/1"}],"replies":[{"embeddable":true,"href":"https:\/\/www.dialoca-job-control.com\/index.php\/wp-json\/wp\/v2\/comments?post=105"}],"version-history":[{"count":7,"href":"https:\/\/www.dialoca-job-control.com\/index.php\/wp-json\/wp\/v2\/pages\/105\/revisions"}],"predecessor-version":[{"id":324,"href":"https:\/\/www.dialoca-job-control.com\/index.php\/wp-json\/wp\/v2\/pages\/105\/revisions\/324"}],"wp:attachment":[{"href":"https:\/\/www.dialoca-job-control.com\/index.php\/wp-json\/wp\/v2\/media?parent=105"}],"curies":[{"name":"wp","href":"https:\/\/api.w.org\/{rel}","templated":true}]}}